{"id":12,"date":"2023-12-14T17:01:59","date_gmt":"2023-12-14T17:01:59","guid":{"rendered":"https:\/\/www.fingracen.com\/?page_id=12"},"modified":"2023-12-14T17:02:00","modified_gmt":"2023-12-14T17:02:00","slug":"declaracion-de-accesibilidad","status":"publish","type":"page","link":"https:\/\/www.fingracen.com\/ca\/declaracion-de-accesibilidad\/","title":{"rendered":"Declaraci\u00f3 d&#039;accessibilitat"},"content":{"rendered":"<p>Online Vall\u00e9s s&#039;ha comprom\u00e8s a fer accessible el vostre lloc web, de conformitat amb el Reial Decret 1112\/2018, de 7 de setembre, sobre accessibilitat dels llocs web i aplicacions per a dispositius m\u00f2bils del sector p\u00fablic.<\/p>\n\n\n\n<p>Aquesta declaraci\u00f3 d&#039;accessibilitat s&#039;aplica a aquest web.<\/p>\n\n\n\n<h2 class=\"wp-block-heading\">Situaci\u00f3 de compliment<\/h2>\n\n\n\n<p>Aquest lloc web est\u00e0 desenvolupat segons el RD 1112\/2018<\/p>\n\n\n\n<h2 class=\"wp-block-heading\">Preparaci\u00f3 per a la seg\u00fcent declaraci\u00f3 d&#039;accessibilitat<\/h2>\n\n\n\n<p>Aquesta declaraci\u00f3 va ser preparada el 20 de maig del 2023.<\/p>\n\n\n\n<p>El m\u00e8tode emprat per preparar la declaraci\u00f3 ha estat una autoavaluaci\u00f3.<\/p>\n\n\n\n<h2 class=\"wp-block-heading\">Observacions i dades de contacte<\/h2>\n\n\n\n<p>Podeu realitzar comunicacions sobre requisits d&#039;accessibilitat (article 10.2.a del RD 1112\/2018) com:<\/p>\n\n\n\n<ul class=\"wp-block-list\">\n<li>Informar sobre qualsevol possible incompliment per part d&#039;aquest lloc web<\/li>\n\n\n\n<li>Transmetre altres dificultats d&#039;acc\u00e9s al contingut<\/li>\n\n\n\n<li>Formular qualsevol altra consulta o suggeriment de millora relativa a l&#039;accessibilitat del lloc web mitjan\u00e7ant el formulari de contacte d&#039;aquest lloc web o mitjan\u00e7ant el n\u00famero de tel\u00e8fon 93 768 52 49<\/li>\n<\/ul>\n\n\n\n<p>Podeu presentar:<\/p>\n\n\n\n<ul class=\"wp-block-list\">\n<li>Queixa relativa al compliment dels requisits del RD 1112\/2018<\/li>\n\n\n\n<li>Sol\u00b7licitud d&#039;informaci\u00f3 accessible relativa a:\n<ul class=\"wp-block-list\">\n<li>Continguts que estan exclosos de l\u00e0mbit daplicaci\u00f3 del RD 1112\/2018 segons el que estableix larticle 3, apartat 4<\/li>\n\n\n\n<li>Continguts que estan exempts del compliment dels requisits d&#039;accessibilitat per imposar una c\u00e0rrega desproporcionada<\/li>\n\n\n\n<li>A la Sol\u00b7licitud d&#039;informaci\u00f3 accessible, cal concretar, amb tota claredat, els fets, les raons i la petici\u00f3 que permetin constatar que es tracta d&#039;una sol\u00b7licitud raonable i leg\u00edtima.<\/li>\n<\/ul>\n<\/li>\n<\/ul>\n\n\n\n<p>Les queixes i reclamacions sobre informaci\u00f3 accessible es realitzaran a trav\u00e9s de la seu electr\u00f2nica (<a href=\"https:\/\/sede.red.gob.es\/procedimientos\/quejas-y-sugerencias\" target=\"_blank\" rel=\"noreferrer noopener\">https:\/\/sede.red.gob.es\/procedimientos\/quejas-y-sugerencias<\/a>), i seran rebudes i tractades per l&#039;\u00e0rea de Sistemes de la Informaci\u00f3 de Red.es.<\/p>\n\n\n\n<h2 class=\"wp-block-heading\">Contingut opcional<\/h2>\n\n\n\n<ul class=\"wp-block-list\">\n<li>Si voleu canviar la mida de lletra del text als principals navegadors gr\u00e0fics utilitzeu els men\u00fas seg\u00fcents:<\/li>\n\n\n\n<li>Safari: Veure &gt; Fer el text m\u00e9s gran<\/li>\n\n\n\n<li>Chrome: Controla la p\u00e0gina actual &gt; Mida del text<\/li>\n<\/ul>\n\n\n\n<p>Per modificar la mida de tot a la p\u00e0gina:<\/p>\n\n\n\n<ul class=\"wp-block-list\">\n<li>Ctrl++ per augmentar-ho<\/li>\n\n\n\n<li>Ctrl + \u2013 per disminuir-ho<\/li>\n\n\n\n<li>Ctrl + 0 restaura la mida original del text<\/li>\n\n\n\n<li>Si el que voleu \u00e9s anul\u00b7lar el full d&#039;estils o modificar el color del text, podeu consultar la p\u00e0gina How to Change Text Size o Colors de la WAI, que es pot llegir tradu\u00eft a l&#039;espanyol a Com canviar la mida del text o colors?<\/li>\n<\/ul>","protected":false},"excerpt":{"rendered":"<p>Online Vall\u00e9s s&#039;ha comprom\u00e8s a fer accessible el seu lloc web, de conformitat amb el Reial Decret 1112\/2018, de 7 de setembre, sobre accessibilitat dels llocs web i aplicacions per a\u2026<\/p>","protected":false},"author":1,"featured_media":0,"parent":0,"menu_order":34,"comment_status":"closed","ping_status":"closed","template":"","meta":{"_kad_blocks_custom_css":"","_kad_blocks_head_custom_js":"","_kad_blocks_body_custom_js":"","_kad_blocks_footer_custom_js":"","_kadence_starter_templates_imported_post":false,"_kad_post_transparent":"","_kad_post_title":"","_kad_post_layout":"","_kad_post_sidebar_id":"","_kad_post_content_style":"","_kad_post_vertical_padding":"","_kad_post_feature":"","_kad_post_feature_position":"","_kad_post_header":false,"_kad_post_footer":false,"_kad_post_classname":"","footnotes":""},"class_list":["post-12","page","type-page","status-publish","hentry"],"yoast_head":"<!-- This site is optimized with the Yoast SEO plugin v27.5 - https:\/\/yoast.com\/product\/yoast-seo-wordpress\/ -->\n<title>Declaraci\u00f3n de accesibilidad - FINGRACEN<\/title>\n<meta name=\"robots\" content=\"index, follow, max-snippet:-1, max-image-preview:large, max-video-preview:-1\" \/>\n<link rel=\"canonical\" href=\"https:\/\/www.fingracen.com\/ca\/declaracion-de-accesibilidad\/\" \/>\n<meta property=\"og:locale\" content=\"ca_ES\" \/>\n<meta property=\"og:type\" content=\"article\" \/>\n<meta property=\"og:title\" content=\"Declaraci\u00f3n de accesibilidad - FINGRACEN\" \/>\n<meta property=\"og:description\" content=\"Online Vall\u00e9s&nbsp;se ha comprometido a hacer accesible su sitio web, de conformidad con el Real Decreto 1112\/2018, de 7 de septiembre, sobre accesibilidad de los sitios web y aplicaciones para...\" \/>\n<meta property=\"og:url\" content=\"https:\/\/www.fingracen.com\/ca\/declaracion-de-accesibilidad\/\" \/>\n<meta property=\"og:site_name\" content=\"FINGRACEN\" \/>\n<meta property=\"article:modified_time\" content=\"2023-12-14T17:02:00+00:00\" \/>\n<meta name=\"twitter:card\" content=\"summary_large_image\" \/>\n<meta name=\"twitter:label1\" content=\"Temps estimat de lectura\" \/>\n\t<meta name=\"twitter:data1\" content=\"2 minuts\" \/>\n<script type=\"application\/ld+json\" class=\"yoast-schema-graph\">{\"@context\":\"https:\\\/\\\/schema.org\",\"@graph\":[{\"@type\":\"WebPage\",\"@id\":\"https:\\\/\\\/www.fingracen.com\\\/declaracion-de-accesibilidad\\\/\",\"url\":\"https:\\\/\\\/www.fingracen.com\\\/declaracion-de-accesibilidad\\\/\",\"name\":\"Declaraci\u00f3n de accesibilidad - FINGRACEN\",\"isPartOf\":{\"@id\":\"https:\\\/\\\/www.fingracen.com\\\/#website\"},\"datePublished\":\"2023-12-14T17:01:59+00:00\",\"dateModified\":\"2023-12-14T17:02:00+00:00\",\"breadcrumb\":{\"@id\":\"https:\\\/\\\/www.fingracen.com\\\/declaracion-de-accesibilidad\\\/#breadcrumb\"},\"inLanguage\":\"ca\",\"potentialAction\":[{\"@type\":\"ReadAction\",\"target\":[\"https:\\\/\\\/www.fingracen.com\\\/declaracion-de-accesibilidad\\\/\"]}]},{\"@type\":\"BreadcrumbList\",\"@id\":\"https:\\\/\\\/www.fingracen.com\\\/declaracion-de-accesibilidad\\\/#breadcrumb\",\"itemListElement\":[{\"@type\":\"ListItem\",\"position\":1,\"name\":\"Portada\",\"item\":\"https:\\\/\\\/www.fingracen.com\\\/\"},{\"@type\":\"ListItem\",\"position\":2,\"name\":\"Declaraci\u00f3n de accesibilidad\"}]},{\"@type\":\"WebSite\",\"@id\":\"https:\\\/\\\/www.fingracen.com\\\/#website\",\"url\":\"https:\\\/\\\/www.fingracen.com\\\/\",\"name\":\"FINGRACEN\",\"description\":\"Pisos en Sabadell | Inmobiliarias Sabadell\",\"publisher\":{\"@id\":\"https:\\\/\\\/www.fingracen.com\\\/#organization\"},\"potentialAction\":[{\"@type\":\"SearchAction\",\"target\":{\"@type\":\"EntryPoint\",\"urlTemplate\":\"https:\\\/\\\/www.fingracen.com\\\/?s={search_term_string}\"},\"query-input\":{\"@type\":\"PropertyValueSpecification\",\"valueRequired\":true,\"valueName\":\"search_term_string\"}}],\"inLanguage\":\"ca\"},{\"@type\":\"Organization\",\"@id\":\"https:\\\/\\\/www.fingracen.com\\\/#organization\",\"name\":\"FINGRACEN\",\"url\":\"https:\\\/\\\/www.fingracen.com\\\/\",\"logo\":{\"@type\":\"ImageObject\",\"inLanguage\":\"ca\",\"@id\":\"https:\\\/\\\/www.fingracen.com\\\/#\\\/schema\\\/logo\\\/image\\\/\",\"url\":\"https:\\\/\\\/www.fingracen.com\\\/wp-content\\\/uploads\\\/2024\\\/03\\\/LOGO-en-Blanco-1-1.png\",\"contentUrl\":\"https:\\\/\\\/www.fingracen.com\\\/wp-content\\\/uploads\\\/2024\\\/03\\\/LOGO-en-Blanco-1-1.png\",\"width\":6000,\"height\":3375,\"caption\":\"FINGRACEN\"},\"image\":{\"@id\":\"https:\\\/\\\/www.fingracen.com\\\/#\\\/schema\\\/logo\\\/image\\\/\"}}]}<\/script>\n<!-- \/ Yoast SEO plugin. -->","yoast_head_json":{"title":"Declaraci\u00f3n de accesibilidad - FINGRACEN","robots":{"index":"index","follow":"follow","max-snippet":"max-snippet:-1","max-image-preview":"max-image-preview:large","max-video-preview":"max-video-preview:-1"},"canonical":"https:\/\/www.fingracen.com\/ca\/declaracion-de-accesibilidad\/","og_locale":"ca_ES","og_type":"article","og_title":"Declaraci\u00f3n de accesibilidad - FINGRACEN","og_description":"Online Vall\u00e9s&nbsp;se ha comprometido a hacer accesible su sitio web, de conformidad con el Real Decreto 1112\/2018, de 7 de septiembre, sobre accesibilidad de los sitios web y aplicaciones para...","og_url":"https:\/\/www.fingracen.com\/ca\/declaracion-de-accesibilidad\/","og_site_name":"FINGRACEN","article_modified_time":"2023-12-14T17:02:00+00:00","twitter_card":"summary_large_image","twitter_misc":{"Temps estimat de lectura":"2 minuts"},"schema":{"@context":"https:\/\/schema.org","@graph":[{"@type":"WebPage","@id":"https:\/\/www.fingracen.com\/declaracion-de-accesibilidad\/","url":"https:\/\/www.fingracen.com\/declaracion-de-accesibilidad\/","name":"Declaraci\u00f3n de accesibilidad - FINGRACEN","isPartOf":{"@id":"https:\/\/www.fingracen.com\/#website"},"datePublished":"2023-12-14T17:01:59+00:00","dateModified":"2023-12-14T17:02:00+00:00","breadcrumb":{"@id":"https:\/\/www.fingracen.com\/declaracion-de-accesibilidad\/#breadcrumb"},"inLanguage":"ca","potentialAction":[{"@type":"ReadAction","target":["https:\/\/www.fingracen.com\/declaracion-de-accesibilidad\/"]}]},{"@type":"BreadcrumbList","@id":"https:\/\/www.fingracen.com\/declaracion-de-accesibilidad\/#breadcrumb","itemListElement":[{"@type":"ListItem","position":1,"name":"Portada","item":"https:\/\/www.fingracen.com\/"},{"@type":"ListItem","position":2,"name":"Declaraci\u00f3n de accesibilidad"}]},{"@type":"WebSite","@id":"https:\/\/www.fingracen.com\/#website","url":"https:\/\/www.fingracen.com\/","name":"FINGRACEN","description":"Pisos en Sabadell | Inmobiliarias Sabadell","publisher":{"@id":"https:\/\/www.fingracen.com\/#organization"},"potentialAction":[{"@type":"SearchAction","target":{"@type":"EntryPoint","urlTemplate":"https:\/\/www.fingracen.com\/?s={search_term_string}"},"query-input":{"@type":"PropertyValueSpecification","valueRequired":true,"valueName":"search_term_string"}}],"inLanguage":"ca"},{"@type":"Organization","@id":"https:\/\/www.fingracen.com\/#organization","name":"FINGRACEN","url":"https:\/\/www.fingracen.com\/","logo":{"@type":"ImageObject","inLanguage":"ca","@id":"https:\/\/www.fingracen.com\/#\/schema\/logo\/image\/","url":"https:\/\/www.fingracen.com\/wp-content\/uploads\/2024\/03\/LOGO-en-Blanco-1-1.png","contentUrl":"https:\/\/www.fingracen.com\/wp-content\/uploads\/2024\/03\/LOGO-en-Blanco-1-1.png","width":6000,"height":3375,"caption":"FINGRACEN"},"image":{"@id":"https:\/\/www.fingracen.com\/#\/schema\/logo\/image\/"}}]}},"taxonomy_info":[],"featured_image_src_large":false,"author_info":{"display_name":"eloi","author_link":"https:\/\/www.fingracen.com\/ca\/author\/eloi\/"},"comment_info":0,"_links":{"self":[{"href":"https:\/\/www.fingracen.com\/ca\/wp-json\/wp\/v2\/pages\/12","targetHints":{"allow":["GET"]}}],"collection":[{"href":"https:\/\/www.fingracen.com\/ca\/wp-json\/wp\/v2\/pages"}],"about":[{"href":"https:\/\/www.fingracen.com\/ca\/wp-json\/wp\/v2\/types\/page"}],"author":[{"embeddable":true,"href":"https:\/\/www.fingracen.com\/ca\/wp-json\/wp\/v2\/users\/1"}],"replies":[{"embeddable":true,"href":"https:\/\/www.fingracen.com\/ca\/wp-json\/wp\/v2\/comments?post=12"}],"version-history":[{"count":0,"href":"https:\/\/www.fingracen.com\/ca\/wp-json\/wp\/v2\/pages\/12\/revisions"}],"wp:attachment":[{"href":"https:\/\/www.fingracen.com\/ca\/wp-json\/wp\/v2\/media?parent=12"}],"curies":[{"name":"wp","href":"https:\/\/api.w.org\/{rel}","templated":true}]}}

Declaració d&#039;accessibilitat

<p>Online Vallés s&#039;ha compromès a fer accessible el vostre lloc web, de conformitat amb el Reial Decret 1112/2018, de 7 de setembre, sobre accessibilitat dels llocs web i aplicacions per a dispositius mòbils del sector públic.</p>



<p>Aquesta declaració d&#039;accessibilitat s&#039;aplica a aquest web.</p>



<h2 class="wp-block-heading">Situació de compliment</h2>



<p>Aquest lloc web està desenvolupat segons el RD 1112/2018</p>



<h2 class="wp-block-heading">Preparació per a la següent declaració d&#039;accessibilitat</h2>



<p>Aquesta declaració va ser preparada el 20 de maig del 2023.</p>



<p>El mètode emprat per preparar la declaració ha estat una autoavaluació.</p>



<h2 class="wp-block-heading">Observacions i dades de contacte</h2>



<p>Podeu realitzar comunicacions sobre requisits d&#039;accessibilitat (article 10.2.a del RD 1112/2018) com:</p>



<ul class="wp-block-list">
<li>Informar sobre qualsevol possible incompliment per part d&#039;aquest lloc web</li>



<li>Transmetre altres dificultats d&#039;accés al contingut</li>



<li>Formular qualsevol altra consulta o suggeriment de millora relativa a l&#039;accessibilitat del lloc web mitjançant el formulari de contacte d&#039;aquest lloc web o mitjançant el número de telèfon 93 768 52 49</li>
</ul>



<p>Podeu presentar:</p>



<ul class="wp-block-list">
<li>Queixa relativa al compliment dels requisits del RD 1112/2018</li>



<li>Sol·licitud d&#039;informació accessible relativa a:
<ul class="wp-block-list">
<li>Continguts que estan exclosos de làmbit daplicació del RD 1112/2018 segons el que estableix larticle 3, apartat 4</li>



<li>Continguts que estan exempts del compliment dels requisits d&#039;accessibilitat per imposar una càrrega desproporcionada</li>



<li>A la Sol·licitud d&#039;informació accessible, cal concretar, amb tota claredat, els fets, les raons i la petició que permetin constatar que es tracta d&#039;una sol·licitud raonable i legítima.</li>
</ul>
</li>
</ul>



<p>Les queixes i reclamacions sobre informació accessible es realitzaran a través de la seu electrònica (<a href="https://sede.red.gob.es/procedimientos/quejas-y-sugerencias" target="_blank" rel="noreferrer noopener">https://sede.red.gob.es/procedimientos/quejas-y-sugerencias</a>), i seran rebudes i tractades per l&#039;àrea de Sistemes de la Informació de Red.es.</p>



<h2 class="wp-block-heading">Contingut opcional</h2>



<ul class="wp-block-list">
<li>Si voleu canviar la mida de lletra del text als principals navegadors gràfics utilitzeu els menús següents:</li>



<li>Safari: Veure &gt; Fer el text més gran</li>



<li>Chrome: Controla la pàgina actual &gt; Mida del text</li>
</ul>



<p>Per modificar la mida de tot a la pàgina:</p>



<ul class="wp-block-list">
<li>Ctrl++ per augmentar-ho</li>



<li>Ctrl + – per disminuir-ho</li>



<li>Ctrl + 0 restaura la mida original del text</li>



<li>Si el que voleu és anul·lar el full d&#039;estils o modificar el color del text, podeu consultar la pàgina How to Change Text Size o Colors de la WAI, que es pot llegir traduït a l&#039;espanyol a Com canviar la mida del text o colors?</li>
</ul>

<p>Online Vallés s&#039;ha compromès a fer accessible el seu lloc web, de conformitat amb el Reial Decret 1112/2018, de 7 de setembre, sobre accessibilitat dels llocs web i aplicacions per a…</p>

<!-- This site is optimized with the Yoast SEO plugin v27.5 - https://yoast.com/product/yoast-seo-wordpress/ -->
<title>Declaración de accesibilidad - FINGRACEN</title>
<meta name="robots" content="index, follow, max-snippet:-1, max-image-preview:large, max-video-preview:-1" />
<link rel="canonical" href="https://www.fingracen.com/ca/declaracion-de-accesibilidad/" />
<meta property="og:locale" content="ca_ES" />
<meta property="og:type" content="article" />
<meta property="og:title" content="Declaración de accesibilidad - FINGRACEN" />
<meta property="og:description" content="Online Vallés&nbsp;se ha comprometido a hacer accesible su sitio web, de conformidad con el Real Decreto 1112/2018, de 7 de septiembre, sobre accesibilidad de los sitios web y aplicaciones para..." />
<meta property="og:url" content="https://www.fingracen.com/ca/declaracion-de-accesibilidad/" />
<meta property="og:site_name" content="FINGRACEN" />
<meta property="article:modified_time" content="2023-12-14T17:02:00+00:00" />
<meta name="twitter:card" content="summary_large_image" />
<meta name="twitter:label1" content="Temps estimat de lectura" />
	<meta name="twitter:data1" content="2 minuts" />
<script type="application/ld+json" class="yoast-schema-graph">{"@context":"https:\/\/schema.org","@graph":[{"@type":"WebPage","@id":"https:\/\/www.fingracen.com\/declaracion-de-accesibilidad\/","url":"https:\/\/www.fingracen.com\/declaracion-de-accesibilidad\/","name":"Declaración de accesibilidad - FINGRACEN","isPartOf":{"@id":"https:\/\/www.fingracen.com\/#website"},"datePublished":"2023-12-14T17:01:59+00:00","dateModified":"2023-12-14T17:02:00+00:00","breadcrumb":{"@id":"https:\/\/www.fingracen.com\/declaracion-de-accesibilidad\/#breadcrumb"},"inLanguage":"ca","potentialAction":[{"@type":"ReadAction","target":["https:\/\/www.fingracen.com\/declaracion-de-accesibilidad\/"]}]},{"@type":"BreadcrumbList","@id":"https:\/\/www.fingracen.com\/declaracion-de-accesibilidad\/#breadcrumb","itemListElement":[{"@type":"ListItem","position":1,"name":"Portada","item":"https:\/\/www.fingracen.com\/"},{"@type":"ListItem","position":2,"name":"Declaración de accesibilidad"}]},{"@type":"WebSite","@id":"https:\/\/www.fingracen.com\/#website","url":"https:\/\/www.fingracen.com\/","name":"FINGRACEN","description":"Pisos en Sabadell | Inmobiliarias Sabadell","publisher":{"@id":"https:\/\/www.fingracen.com\/#organization"},"potentialAction":[{"@type":"SearchAction","target":{"@type":"EntryPoint","urlTemplate":"https:\/\/www.fingracen.com\/?s={search_term_string}"},"query-input":{"@type":"PropertyValueSpecification","valueRequired":true,"valueName":"search_term_string"}}],"inLanguage":"ca"},{"@type":"Organization","@id":"https:\/\/www.fingracen.com\/#organization","name":"FINGRACEN","url":"https:\/\/www.fingracen.com\/","logo":{"@type":"ImageObject","inLanguage":"ca","@id":"https:\/\/www.fingracen.com\/#\/schema\/logo\/image\/","url":"https:\/\/www.fingracen.com\/wp-content\/uploads\/2024\/03\/LOGO-en-Blanco-1-1.png","contentUrl":"https:\/\/www.fingracen.com\/wp-content\/uploads\/2024\/03\/LOGO-en-Blanco-1-1.png","width":6000,"height":3375,"caption":"FINGRACEN"},"image":{"@id":"https:\/\/www.fingracen.com\/#\/schema\/logo\/image\/"}}]}</script>
<!-- / Yoast SEO plugin. -->

Declaración de accesibilidad - FINGRACEN

Online Vallés&nbsp;se ha comprometido a hacer accesible su sitio web, de conformidad con el Real Decreto 1112/2018, de 7 de septiembre, sobre accesibilidad de los sitios web y aplicaciones para...

Declaración de accesibilidad
